{"id":282,"date":"2022-06-01T12:06:17","date_gmt":"2022-06-01T10:06:17","guid":{"rendered":"https:\/\/www.kerbegesellschaft-schwanheim.de\/?page_id=282"},"modified":"2023-09-18T11:57:41","modified_gmt":"2023-09-18T09:57:41","slug":"elementor-282","status":"publish","type":"page","link":"https:\/\/www.kerbegesellschaft-schwanheim.de\/?page_id=282","title":{"rendered":"Schwanheimer Kerb 2022"},"content":{"rendered":"\t\t<div data-elementor-type=\"wp-page\" data-elementor-id=\"282\" class=\"elementor elementor-282\" data-elementor-post-type=\"page\">\n\t\t\t\t\t\t\t\t\t<section class=\"elementor-section elementor-top-section elementor-element elementor-element-b5aa52c elementor-section-boxed elementor-section-height-default elementor-section-height-default\" data-id=\"b5aa52c\" data-element_type=\"section\">\n\t\t\t\t\t\t<div class=\"elementor-container elementor-column-gap-default\">\n\t\t\t\t\t<div class=\"elementor-column elementor-col-100 elementor-top-column elementor-element elementor-element-2eaaebf\" data-id=\"2eaaebf\" data-element_type=\"column\">\n\t\t\t<div class=\"elementor-widget-wrap elementor-element-populated\">\n\t\t\t\t\t\t\t\t<div class=\"elementor-element elementor-element-8bed8b7 elementor-widget elementor-widget-heading\" data-id=\"8bed8b7\" data-element_type=\"widget\" data-widget_type=\"heading.default\">\n\t\t\t\t<div class=\"elementor-widget-container\">\n\t\t\t<style>\/*! elementor - v3.16.0 - 14-09-2023 *\/\n.elementor-heading-title{padding:0;margin:0;line-height:1}.elementor-widget-heading .elementor-heading-title[class*=elementor-size-]>a{color:inherit;font-size:inherit;line-height:inherit}.elementor-widget-heading .elementor-heading-title.elementor-size-small{font-size:15px}.elementor-widget-heading .elementor-heading-title.elementor-size-medium{font-size:19px}.elementor-widget-heading .elementor-heading-title.elementor-size-large{font-size:29px}.elementor-widget-heading .elementor-heading-title.elementor-size-xl{font-size:39px}.elementor-widget-heading .elementor-heading-title.elementor-size-xxl{font-size:59px}<\/style><h2 class=\"elementor-heading-title elementor-size-default\">Schwanheimer Kerb 2022<\/h2>\t\t<\/div>\n\t\t\t\t<\/div>\n\t\t\t\t\t<\/div>\n\t\t<\/div>\n\t\t\t\t\t\t\t<\/div>\n\t\t<\/section>\n\t\t\t\t<section class=\"elementor-section elementor-top-section elementor-element elementor-element-608e80c elementor-section-boxed elementor-section-height-default elementor-section-height-default\" data-id=\"608e80c\" data-element_type=\"section\">\n\t\t\t\t\t\t<div class=\"elementor-container elementor-column-gap-default\">\n\t\t\t\t\t<div class=\"elementor-column elementor-col-66 elementor-top-column elementor-element elementor-element-28de385\" data-id=\"28de385\" data-element_type=\"column\">\n\t\t\t<div class=\"elementor-widget-wrap elementor-element-populated\">\n\t\t\t\t\t\t\t\t<div class=\"elementor-element elementor-element-557d4db elementor-widget elementor-widget-text-editor\" data-id=\"557d4db\" data-element_type=\"widget\" data-widget_type=\"text-editor.default\">\n\t\t\t\t<div class=\"elementor-widget-container\">\n\t\t\t<style>\/*! elementor - v3.16.0 - 14-09-2023 *\/\n.elementor-widget-text-editor.elementor-drop-cap-view-stacked .elementor-drop-cap{background-color:#69727d;color:#fff}.elementor-widget-text-editor.elementor-drop-cap-view-framed .elementor-drop-cap{color:#69727d;border:3px solid;background-color:transparent}.elementor-widget-text-editor:not(.elementor-drop-cap-view-default) .elementor-drop-cap{margin-top:8px}.elementor-widget-text-editor:not(.elementor-drop-cap-view-default) .elementor-drop-cap-letter{width:1em;height:1em}.elementor-widget-text-editor .elementor-drop-cap{float:left;text-align:center;line-height:1;font-size:50px}.elementor-widget-text-editor .elementor-drop-cap-letter{display:inline-block}<\/style>\t\t\t\t<p>Unter <u>gr\u00f6\u00dfter<\/u> pers\u00f6nlicher Anstrengung der Kerbeburschen fand die Pandemiekerb 2021 erstmals auf dem Freigel\u00e4nde der katholischen Kirche St. Mauritius statt. Gewohnt waren die Schwanheimer Mitb\u00fcrger bisher die Lokation &#8222;Saarbr\u00fccker Str.&#8220;. Erstmals war auch die Kerbegesellschaft Schwanheim e.V. Veranstalter der Kerb und \u00fcbernahm diese Aufgabe vom Vereinsring Schwanheim e.V. Grund f\u00fcr beide Entscheidungen waren die hohen gesetzlichen Vorgaben aufgrund der Pandemie mit dem SARS-CoV-2.<\/p><p>Da die Kerbegesellschaft Schwanheim e.V. bisher ausschlie\u00dflich und in gro\u00dfer Zahl positiven Zuspruch zu 2021 erhalten hat m\u00f6chte sie an der neuen Praxis fest halten. Auch die katholische Pfarrei St. Jakobus begr\u00fc\u00dft die Idee grunds\u00e4tzlich.<\/p><p>Aus diesem Grund plant die Kerbegesellschaft Schwanheim e.V. derzeit die Kerb 2022 f\u00fcr den Zeitraum Freitag, den 23. September 2022 bis Montag, den 26. September 2022.<\/p><p>Die Schwanheimer Bev\u00f6lkerung wird von uns zeitnah \u00fcber die gewohnten, vielf\u00e4ltigen Kommunikationswege \u00fcber die weitere Planung unterrichtet werden.<\/p><p>Interessierte gewerbetreibende Teilnehmer, Schwanheimer Vereine oder Schausteller k\u00f6nnen sich gern <a href=\"mailto:vorstand@kerbegesellschaft-schwanheim.de\">per E-Mail<\/a> an uns wenden.<\/p><p>Einen gro\u00dfen Dank f\u00fcr 2021 m\u00f6chte der Vorstand erneut allen Kerbeburschen, der katholischen Kirchengemeinde St. Jakobus mit ihrem Pastoralreferenten Hans-Peter Labonte und ihrem Pfarrer Werner Portugal, den beteiligten Schaustellern,\u00a0 sowie den untert\u00fctzenden Unternehmen aussprechen.<\/p>\t\t\t\t\t\t<\/div>\n\t\t\t\t<\/div>\n\t\t\t\t\t<\/div>\n\t\t<\/div>\n\t\t\t\t<div class=\"elementor-column elementor-col-33 elementor-top-column elementor-element elementor-element-53cc331\" data-id=\"53cc331\" data-element_type=\"column\">\n\t\t\t<div class=\"elementor-widget-wrap elementor-element-populated\">\n\t\t\t\t\t\t\t\t<div class=\"elementor-element elementor-element-939356e elementor-widget elementor-widget-image\" data-id=\"939356e\" data-element_type=\"widget\" data-widget_type=\"image.default\">\n\t\t\t\t<div class=\"elementor-widget-container\">\n\t\t\t<style>\/*! elementor - v3.16.0 - 14-09-2023 *\/\n.elementor-widget-image{text-align:center}.elementor-widget-image a{display:inline-block}.elementor-widget-image a img[src$=\".svg\"]{width:48px}.elementor-widget-image img{vertical-align:middle;display:inline-block}<\/style>\t\t\t\t\t\t\t\t\t\t\t\t<img loading=\"lazy\" decoding=\"async\" width=\"768\" height=\"1152\" src=\"https:\/\/www.kerbegesellschaft-schwanheim.de\/wp-content\/uploads\/2022\/06\/IMG_3323-768x1152.jpg\" class=\"attachment-medium_large size-medium_large wp-image-285\" alt=\"\" srcset=\"https:\/\/www.kerbegesellschaft-schwanheim.de\/wp-content\/uploads\/2022\/06\/IMG_3323-768x1152.jpg 768w, https:\/\/www.kerbegesellschaft-schwanheim.de\/wp-content\/uploads\/2022\/06\/IMG_3323-200x300.jpg 200w, https:\/\/www.kerbegesellschaft-schwanheim.de\/wp-content\/uploads\/2022\/06\/IMG_3323-683x1024.jpg 683w, https:\/\/www.kerbegesellschaft-schwanheim.de\/wp-content\/uploads\/2022\/06\/IMG_3323-1024x1536.jpg 1024w, https:\/\/www.kerbegesellschaft-schwanheim.de\/wp-content\/uploads\/2022\/06\/IMG_3323-1365x2048.jpg 1365w, https:\/\/www.kerbegesellschaft-schwanheim.de\/wp-content\/uploads\/2022\/06\/IMG_3323-scaled.jpg 1707w\" sizes=\"auto, (max-width: 768px) 100vw, 768px\" \/>\t\t\t\t\t\t\t\t\t\t\t\t\t\t\t<\/div>\n\t\t\t\t<\/div>\n\t\t\t\t\t<\/div>\n\t\t<\/div>\n\t\t\t\t\t\t\t<\/div>\n\t\t<\/section>\n\t\t\t\t\t\t\t<\/div>\n\t\t","protected":false},"excerpt":{"rendered":"<p>Schwanheimer Kerb 2022 Unter gr\u00f6\u00dfter pers\u00f6nlicher Anstrengung der Kerbeburschen fand die Pandemiekerb 2021 erstmals auf dem Freigel\u00e4nde der katholischen Kirche St. Mauritius statt. Gewohnt waren die Schwanheimer Mitb\u00fcrger bisher die Lokation &#8222;Saarbr\u00fccker Str.&#8220;. Erstmals war auch die Kerbegesellschaft Schwanheim e.V. Veranstalter der Kerb und \u00fcbernahm diese Aufgabe vom Vereinsring Schwanheim e.V. Grund f\u00fcr beide Entscheidungen &hellip;<\/p>\n<p class=\"read-more\"> <a class=\"\" href=\"https:\/\/www.kerbegesellschaft-schwanheim.de\/?page_id=282\"> <span class=\"screen-reader-text\">Schwanheimer Kerb 2022<\/span> Weiterlesen &raquo;<\/a><\/p>\n","protected":false},"author":1,"featured_media":0,"parent":0,"menu_order":0,"comment_status":"closed","ping_status":"closed","template":"","meta":{"site-sidebar-layout":"no-sidebar","site-content-layout":"page-builder","ast-global-header-display":"","ast-main-header-display":"","ast-hfb-above-header-display":"","ast-hfb-below-header-display":"","ast-hfb-mobile-header-display":"","site-post-title":"disabled","ast-breadcrumbs-content":"","ast-featured-img":"disabled","footer-sml-layout":"","theme-transparent-header-meta":"","adv-header-id-meta":"","stick-header-meta":"","header-above-stick-meta":"","header-main-stick-meta":"","header-below-stick-meta":"","footnotes":""},"class_list":["post-282","page","type-page","status-publish","hentry"],"_links":{"self":[{"href":"https:\/\/www.kerbegesellschaft-schwanheim.de\/index.php?rest_route=\/wp\/v2\/pages\/282","targetHints":{"allow":["GET"]}}],"collection":[{"href":"https:\/\/www.kerbegesellschaft-schwanheim.de\/index.php?rest_route=\/wp\/v2\/pages"}],"about":[{"href":"https:\/\/www.kerbegesellschaft-schwanheim.de\/index.php?rest_route=\/wp\/v2\/types\/page"}],"author":[{"embeddable":true,"href":"https:\/\/www.kerbegesellschaft-schwanheim.de\/index.php?rest_route=\/wp\/v2\/users\/1"}],"replies":[{"embeddable":true,"href":"https:\/\/www.kerbegesellschaft-schwanheim.de\/index.php?rest_route=%2Fwp%2Fv2%2Fcomments&post=282"}],"version-history":[{"count":14,"href":"https:\/\/www.kerbegesellschaft-schwanheim.de\/index.php?rest_route=\/wp\/v2\/pages\/282\/revisions"}],"predecessor-version":[{"id":313,"href":"https:\/\/www.kerbegesellschaft-schwanheim.de\/index.php?rest_route=\/wp\/v2\/pages\/282\/revisions\/313"}],"wp:attachment":[{"href":"https:\/\/www.kerbegesellschaft-schwanheim.de\/index.php?rest_route=%2Fwp%2Fv2%2Fmedia&parent=282"}],"curies":[{"name":"wp","href":"https:\/\/api.w.org\/{rel}","templated":true}]}}

<div data-elementor-type="wp-page" data-elementor-id="282" class="elementor elementor-282" data-elementor-post-type="page">
									<section class="elementor-section elementor-top-section elementor-element elementor-element-b5aa52c elementor-section-boxed elementor-section-height-default elementor-section-height-default" data-id="b5aa52c" data-element_type="section">
						<div class="elementor-container elementor-column-gap-default">
					<div class="elementor-column elementor-col-100 elementor-top-column elementor-element elementor-element-2eaaebf" data-id="2eaaebf" data-element_type="column">
			<div class="elementor-widget-wrap elementor-element-populated">
								<div class="elementor-element elementor-element-8bed8b7 elementor-widget elementor-widget-heading" data-id="8bed8b7" data-element_type="widget" data-widget_type="heading.default">
				<div class="elementor-widget-container">
			<style>/*! elementor - v3.16.0 - 14-09-2023 */
.elementor-heading-title{padding:0;margin:0;line-height:1}.elementor-widget-heading .elementor-heading-title[class*=elementor-size-]>a{color:inherit;font-size:inherit;line-height:inherit}.elementor-widget-heading .elementor-heading-title.elementor-size-small{font-size:15px}.elementor-widget-heading .elementor-heading-title.elementor-size-medium{font-size:19px}.elementor-widget-heading .elementor-heading-title.elementor-size-large{font-size:29px}.elementor-widget-heading .elementor-heading-title.elementor-size-xl{font-size:39px}.elementor-widget-heading .elementor-heading-title.elementor-size-xxl{font-size:59px}</style><h2 class="elementor-heading-title elementor-size-default">Schwanheimer Kerb 2022</h2>		</div>
				</div>
					</div>
		</div>
							</div>
		</section>
				<section class="elementor-section elementor-top-section elementor-element elementor-element-608e80c elementor-section-boxed elementor-section-height-default elementor-section-height-default" data-id="608e80c" data-element_type="section">
						<div class="elementor-container elementor-column-gap-default">
					<div class="elementor-column elementor-col-66 elementor-top-column elementor-element elementor-element-28de385" data-id="28de385" data-element_type="column">
			<div class="elementor-widget-wrap elementor-element-populated">
								<div class="elementor-element elementor-element-557d4db elementor-widget elementor-widget-text-editor" data-id="557d4db" data-element_type="widget" data-widget_type="text-editor.default">
				<div class="elementor-widget-container">
			<style>/*! elementor - v3.16.0 - 14-09-2023 */
.elementor-widget-text-editor.elementor-drop-cap-view-stacked .elementor-drop-cap{background-color:#69727d;color:#fff}.elementor-widget-text-editor.elementor-drop-cap-view-framed .elementor-drop-cap{color:#69727d;border:3px solid;background-color:transparent}.elementor-widget-text-editor:not(.elementor-drop-cap-view-default) .elementor-drop-cap{margin-top:8px}.elementor-widget-text-editor:not(.elementor-drop-cap-view-default) .elementor-drop-cap-letter{width:1em;height:1em}.elementor-widget-text-editor .elementor-drop-cap{float:left;text-align:center;line-height:1;font-size:50px}.elementor-widget-text-editor .elementor-drop-cap-letter{display:inline-block}</style>				<p>Unter <u>größter</u> persönlicher Anstrengung der Kerbeburschen fand die Pandemiekerb 2021 erstmals auf dem Freigelände der katholischen Kirche St. Mauritius statt. Gewohnt waren die Schwanheimer Mitbürger bisher die Lokation &#8222;Saarbrücker Str.&#8220;. Erstmals war auch die Kerbegesellschaft Schwanheim e.V. Veranstalter der Kerb und übernahm diese Aufgabe vom Vereinsring Schwanheim e.V. Grund für beide Entscheidungen waren die hohen gesetzlichen Vorgaben aufgrund der Pandemie mit dem SARS-CoV-2.</p><p>Da die Kerbegesellschaft Schwanheim e.V. bisher ausschließlich und in großer Zahl positiven Zuspruch zu 2021 erhalten hat möchte sie an der neuen Praxis fest halten. Auch die katholische Pfarrei St. Jakobus begrüßt die Idee grundsätzlich.</p><p>Aus diesem Grund plant die Kerbegesellschaft Schwanheim e.V. derzeit die Kerb 2022 für den Zeitraum Freitag, den 23. September 2022 bis Montag, den 26. September 2022.</p><p>Die Schwanheimer Bevölkerung wird von uns zeitnah über die gewohnten, vielfältigen Kommunikationswege über die weitere Planung unterrichtet werden.</p><p>Interessierte gewerbetreibende Teilnehmer, Schwanheimer Vereine oder Schausteller können sich gern <a href="mailto:vorstand@kerbegesellschaft-schwanheim.de">per E-Mail</a> an uns wenden.</p><p>Einen großen Dank für 2021 möchte der Vorstand erneut allen Kerbeburschen, der katholischen Kirchengemeinde St. Jakobus mit ihrem Pastoralreferenten Hans-Peter Labonte und ihrem Pfarrer Werner Portugal, den beteiligten Schaustellern,  sowie den untertützenden Unternehmen aussprechen.</p>						</div>
				</div>
					</div>
		</div>
				<div class="elementor-column elementor-col-33 elementor-top-column elementor-element elementor-element-53cc331" data-id="53cc331" data-element_type="column">
			<div class="elementor-widget-wrap elementor-element-populated">
								<div class="elementor-element elementor-element-939356e elementor-widget elementor-widget-image" data-id="939356e" data-element_type="widget" data-widget_type="image.default">
				<div class="elementor-widget-container">
			<style>/*! elementor - v3.16.0 - 14-09-2023 */
.elementor-widget-image{text-align:center}.elementor-widget-image a{display:inline-block}.elementor-widget-image a img[src$=".svg"]{width:48px}.elementor-widget-image img{vertical-align:middle;display:inline-block}</style>												<img loading="lazy" decoding="async" width="768" height="1152" src="https://www.kerbegesellschaft-schwanheim.de/wp-content/uploads/2022/06/IMG_3323-768x1152.jpg" class="attachment-medium_large size-medium_large wp-image-285" alt="" srcset="https://www.kerbegesellschaft-schwanheim.de/wp-content/uploads/2022/06/IMG_3323-768x1152.jpg 768w, https://www.kerbegesellschaft-schwanheim.de/wp-content/uploads/2022/06/IMG_3323-200x300.jpg 200w, https://www.kerbegesellschaft-schwanheim.de/wp-content/uploads/2022/06/IMG_3323-683x1024.jpg 683w, https://www.kerbegesellschaft-schwanheim.de/wp-content/uploads/2022/06/IMG_3323-1024x1536.jpg 1024w, https://www.kerbegesellschaft-schwanheim.de/wp-content/uploads/2022/06/IMG_3323-1365x2048.jpg 1365w, https://www.kerbegesellschaft-schwanheim.de/wp-content/uploads/2022/06/IMG_3323-scaled.jpg 1707w" sizes="auto, (max-width: 768px) 100vw, 768px" />															</div>
				</div>
					</div>
		</div>
							</div>
		</section>
							</div>

<p>Schwanheimer Kerb 2022 Unter größter persönlicher Anstrengung der Kerbeburschen fand die Pandemiekerb 2021 erstmals auf dem Freigelände der katholischen Kirche St. Mauritius statt. Gewohnt waren die Schwanheimer Mitbürger bisher die Lokation &#8222;Saarbrücker Str.&#8220;. Erstmals war auch die Kerbegesellschaft Schwanheim e.V. Veranstalter der Kerb und übernahm diese Aufgabe vom Vereinsring Schwanheim e.V. Grund für beide Entscheidungen &hellip;</p>
<p class="read-more"> <a class="" href="https://www.kerbegesellschaft-schwanheim.de/?page_id=282"> <span class="screen-reader-text">Schwanheimer Kerb 2022</span> Weiterlesen &raquo;</a></p>
