{"id":351,"date":"2025-09-15T14:34:50","date_gmt":"2025-09-15T12:34:50","guid":{"rendered":"https:\/\/www.kerbegesellschaft-schwanheim.de\/?page_id=351"},"modified":"2025-09-15T14:39:44","modified_gmt":"2025-09-15T12:39:44","slug":"schwanheimer-kerb-2024","status":"publish","type":"page","link":"https:\/\/www.kerbegesellschaft-schwanheim.de\/","title":{"rendered":"Schwanheimer Kerb 2025"},"content":{"rendered":"\t\t<div data-elementor-type=\"wp-page\" data-elementor-id=\"351\" class=\"elementor elementor-351\" data-elementor-post-type=\"page\">\n\t\t\t\t\t\t\t\t\t<section class=\"elementor-section elementor-top-section elementor-element elementor-element-2f697119 elementor-section-boxed elementor-section-height-default elementor-section-height-default\" data-id=\"2f697119\" data-element_type=\"section\">\n\t\t\t\t\t\t<div class=\"elementor-container elementor-column-gap-default\">\n\t\t\t\t\t<div class=\"elementor-column elementor-col-100 elementor-top-column elementor-element elementor-element-7d106d26\" data-id=\"7d106d26\" data-element_type=\"column\">\n\t\t\t<div class=\"elementor-widget-wrap elementor-element-populated\">\n\t\t\t\t\t\t\t\t<div class=\"elementor-element elementor-element-6092299f elementor-widget elementor-widget-heading\" data-id=\"6092299f\" data-element_type=\"widget\" data-widget_type=\"heading.default\">\n\t\t\t\t<div class=\"elementor-widget-container\">\n\t\t\t<style>\/*! elementor - v3.16.0 - 14-09-2023 *\/\n.elementor-heading-title{padding:0;margin:0;line-height:1}.elementor-widget-heading .elementor-heading-title[class*=elementor-size-]>a{color:inherit;font-size:inherit;line-height:inherit}.elementor-widget-heading .elementor-heading-title.elementor-size-small{font-size:15px}.elementor-widget-heading .elementor-heading-title.elementor-size-medium{font-size:19px}.elementor-widget-heading .elementor-heading-title.elementor-size-large{font-size:29px}.elementor-widget-heading .elementor-heading-title.elementor-size-xl{font-size:39px}.elementor-widget-heading .elementor-heading-title.elementor-size-xxl{font-size:59px}<\/style><h2 class=\"elementor-heading-title elementor-size-default\">Schwanheimer Kerb 2025<\/h2>\t\t<\/div>\n\t\t\t\t<\/div>\n\t\t\t\t\t<\/div>\n\t\t<\/div>\n\t\t\t\t\t\t\t<\/div>\n\t\t<\/section>\n\t\t\t\t<section class=\"elementor-section elementor-top-section elementor-element elementor-element-6bcbe3a6 elementor-section-boxed elementor-section-height-default elementor-section-height-default\" data-id=\"6bcbe3a6\" data-element_type=\"section\">\n\t\t\t\t\t\t<div class=\"elementor-container elementor-column-gap-default\">\n\t\t\t\t\t<div class=\"elementor-column elementor-col-66 elementor-top-column elementor-element elementor-element-1ca17d12\" data-id=\"1ca17d12\" data-element_type=\"column\">\n\t\t\t<div class=\"elementor-widget-wrap elementor-element-populated\">\n\t\t\t\t\t\t\t\t<div class=\"elementor-element elementor-element-bfec56a elementor-widget elementor-widget-text-editor\" data-id=\"bfec56a\" data-element_type=\"widget\" data-widget_type=\"text-editor.default\">\n\t\t\t\t<div class=\"elementor-widget-container\">\n\t\t\t<style>\/*! elementor - v3.16.0 - 14-09-2023 *\/\n.elementor-widget-text-editor.elementor-drop-cap-view-stacked .elementor-drop-cap{background-color:#69727d;color:#fff}.elementor-widget-text-editor.elementor-drop-cap-view-framed .elementor-drop-cap{color:#69727d;border:3px solid;background-color:transparent}.elementor-widget-text-editor:not(.elementor-drop-cap-view-default) .elementor-drop-cap{margin-top:8px}.elementor-widget-text-editor:not(.elementor-drop-cap-view-default) .elementor-drop-cap-letter{width:1em;height:1em}.elementor-widget-text-editor .elementor-drop-cap{float:left;text-align:center;line-height:1;font-size:50px}.elementor-widget-text-editor .elementor-drop-cap-letter{display:inline-block}<\/style>\t\t\t\t<p>Wie in jedem Jahr findet die Familien-Kerb auch 2025 wieder auf dem Freigel\u00e4nde von St. Mauritius und auf der Mauritiusstr. statt.<\/p><p>Aus diesem Grund wird ab Donnerstag, den 25. September 2025 8 Uhr bis Dienstag, den 30. September 2025 01:00 Uhr die Mauritiusstr. zwischen den Querstra\u00dfen Gerolsteiner Str. und Manderscheider Str. f\u00fcr den Verkehr voll gesperrt. Die endsprechenden Buslinien des \u00d6PNV werden umgeleitet.<\/p><p>In gewohnter Art und Weise k\u00f6nnen die Schwanheimer ihre Kerb dann ab Freitag, den 26. September bis Montag, den 29. September 2025 t\u00e4glich von 13 bis 21 Uhr besuchen. Am Samstag wird um 15 Uhr in alter Tradition der Kerbebaum gestellt und ab 17h spielt eine Live-Band im Festzelt auf. Am Sonntag findet um 11 Uhr der Kirchweihgottesdienst in St. Mauritius statt, im Anschlu\u00df spielt der Orchesterverein Schwanheim um ca. 12:15 Uhr zu einem Fa\u00dfbieranstich.<\/p>\n<p>Die Kerbegesellschaft Schwanheim e.V. organisiert dieses Fest f\u00fcr alle Schwanheimer ehrenamtlich und ohne gewinnerzielungsabsicht. Am Kerbemontag wurden durch uns und die teilnehmenden Schaustellerbetriebe auch wieder alle \u00f6rtlichen Kinderbetreuungseinrichtungen zu einem kostenfreien Besuch eingeladen. Durch diese Einladung versuchen wir allen Kindern einen Besuch der Kerb zu erm\u00f6glichen.<\/p>\n<p>Einen gro\u00dfen Dank f\u00fcr 2025 m\u00f6chte der Vorstand erneut allen Kerbeburschen, der katholischen Kirchengemeinde St. Jakobus mit ihrem Pfarrer Werner Portugal, den beteiligten Schaustellern,&nbsp; sowie den untert\u00fctzenden Unternehmen aussprechen.<\/p><p>Das Jahr 2026 wird ein besonderes: Es hei\u00dft 125 Jahre Kirchweih in St. Mauritius zu feiern. Trotz dieses enormen Festes wird uns auch 2026 wieder eine Unw\u00e4gbarkeit begleiten: Die Kirchengemeinde baut auf Ihrem Grundst\u00fcck eine neue KiTa, weshalb dieses nur eingeschr\u00e4nkt zur Verf\u00fcgung steht.<\/p>\t\t\t\t\t\t<\/div>\n\t\t\t\t<\/div>\n\t\t\t\t\t<\/div>\n\t\t<\/div>\n\t\t\t\t<div class=\"elementor-column elementor-col-33 elementor-top-column elementor-element elementor-element-1c38267f\" data-id=\"1c38267f\" data-element_type=\"column\">\n\t\t\t<div class=\"elementor-widget-wrap elementor-element-populated\">\n\t\t\t\t\t\t\t\t<div class=\"elementor-element elementor-element-4b0bd849 elementor-widget elementor-widget-image\" data-id=\"4b0bd849\" data-element_type=\"widget\" data-widget_type=\"image.default\">\n\t\t\t\t<div class=\"elementor-widget-container\">\n\t\t\t<style>\/*! elementor - v3.16.0 - 14-09-2023 *\/\n.elementor-widget-image{text-align:center}.elementor-widget-image a{display:inline-block}.elementor-widget-image a img[src$=\".svg\"]{width:48px}.elementor-widget-image img{vertical-align:middle;display:inline-block}<\/style>\t\t\t\t\t\t\t\t\t\t\t\t<img loading=\"lazy\" decoding=\"async\" width=\"768\" height=\"1152\" src=\"https:\/\/www.kerbegesellschaft-schwanheim.de\/wp-content\/uploads\/2022\/06\/IMG_3323-768x1152.jpg\" class=\"attachment-medium_large size-medium_large wp-image-285\" alt=\"\" srcset=\"https:\/\/www.kerbegesellschaft-schwanheim.de\/wp-content\/uploads\/2022\/06\/IMG_3323-768x1152.jpg 768w, https:\/\/www.kerbegesellschaft-schwanheim.de\/wp-content\/uploads\/2022\/06\/IMG_3323-200x300.jpg 200w, https:\/\/www.kerbegesellschaft-schwanheim.de\/wp-content\/uploads\/2022\/06\/IMG_3323-683x1024.jpg 683w, https:\/\/www.kerbegesellschaft-schwanheim.de\/wp-content\/uploads\/2022\/06\/IMG_3323-1024x1536.jpg 1024w, https:\/\/www.kerbegesellschaft-schwanheim.de\/wp-content\/uploads\/2022\/06\/IMG_3323-1365x2048.jpg 1365w, https:\/\/www.kerbegesellschaft-schwanheim.de\/wp-content\/uploads\/2022\/06\/IMG_3323-scaled.jpg 1707w\" sizes=\"auto, (max-width: 768px) 100vw, 768px\" \/>\t\t\t\t\t\t\t\t\t\t\t\t\t\t\t<\/div>\n\t\t\t\t<\/div>\n\t\t\t\t\t<\/div>\n\t\t<\/div>\n\t\t\t\t\t\t\t<\/div>\n\t\t<\/section>\n\t\t\t\t\t\t\t<\/div>\n\t\t","protected":false},"excerpt":{"rendered":"<p>Schwanheimer Kerb 2025 Wie in jedem Jahr findet die Familien-Kerb auch 2025 wieder auf dem Freigel\u00e4nde von St. Mauritius und auf der Mauritiusstr. statt. Aus diesem Grund wird ab Donnerstag, den 25. September 2025 8 Uhr bis Dienstag, den 30. September 2025 01:00 Uhr die Mauritiusstr. zwischen den Querstra\u00dfen Gerolsteiner Str. und Manderscheider Str. f\u00fcr &hellip;<\/p>\n<p class=\"read-more\"> <a class=\"\" href=\"https:\/\/www.kerbegesellschaft-schwanheim.de\/\"> <span class=\"screen-reader-text\">Schwanheimer Kerb 2025<\/span> Weiterlesen &raquo;<\/a><\/p>\n","protected":false},"author":1,"featured_media":0,"parent":0,"menu_order":0,"comment_status":"closed","ping_status":"closed","template":"","meta":{"site-sidebar-layout":"no-sidebar","site-content-layout":"page-builder","ast-global-header-display":"","ast-main-header-display":"","ast-hfb-above-header-display":"","ast-hfb-below-header-display":"","ast-hfb-mobile-header-display":"","site-post-title":"disabled","ast-breadcrumbs-content":"","ast-featured-img":"disabled","footer-sml-layout":"","theme-transparent-header-meta":"","adv-header-id-meta":"","stick-header-meta":"","header-above-stick-meta":"","header-main-stick-meta":"","header-below-stick-meta":"","footnotes":""},"class_list":["post-351","page","type-page","status-publish","hentry"],"_links":{"self":[{"href":"https:\/\/www.kerbegesellschaft-schwanheim.de\/index.php?rest_route=\/wp\/v2\/pages\/351","targetHints":{"allow":["GET"]}}],"collection":[{"href":"https:\/\/www.kerbegesellschaft-schwanheim.de\/index.php?rest_route=\/wp\/v2\/pages"}],"about":[{"href":"https:\/\/www.kerbegesellschaft-schwanheim.de\/index.php?rest_route=\/wp\/v2\/types\/page"}],"author":[{"embeddable":true,"href":"https:\/\/www.kerbegesellschaft-schwanheim.de\/index.php?rest_route=\/wp\/v2\/users\/1"}],"replies":[{"embeddable":true,"href":"https:\/\/www.kerbegesellschaft-schwanheim.de\/index.php?rest_route=%2Fwp%2Fv2%2Fcomments&post=351"}],"version-history":[{"count":5,"href":"https:\/\/www.kerbegesellschaft-schwanheim.de\/index.php?rest_route=\/wp\/v2\/pages\/351\/revisions"}],"predecessor-version":[{"id":356,"href":"https:\/\/www.kerbegesellschaft-schwanheim.de\/index.php?rest_route=\/wp\/v2\/pages\/351\/revisions\/356"}],"wp:attachment":[{"href":"https:\/\/www.kerbegesellschaft-schwanheim.de\/index.php?rest_route=%2Fwp%2Fv2%2Fmedia&parent=351"}],"curies":[{"name":"wp","href":"https:\/\/api.w.org\/{rel}","templated":true}]}}